{"id":459,"date":"2016-09-07T16:18:34","date_gmt":"2016-09-07T16:18:34","guid":{"rendered":"https:\/\/sinbad2.ujaen.es\/premio\/2785-macarena-espinilla-estevez-premio-extraordinario-de-doctorado\/"},"modified":"2025-10-10T14:00:15","modified_gmt":"2025-10-10T14:00:15","slug":"2785-macarena-espinilla-estevez-premio-extraordinario-de-doctorado","status":"publish","type":"premio","link":"https:\/\/sinbad2.ujaen.es\/?premio=2785-macarena-espinilla-estevez-premio-extraordinario-de-doctorado","title":{"rendered":"Macarena Espinilla Est\u00e9vez Premio Extraordinario de Doctorado"},"content":{"rendered":"\n<p><\/p>\n\n\n\n<div style=\"text-align:center; margin:20px 0;\"><img decoding=\"async\" class=\"tamImagenPremios\" src=\"https:\/\/sinbad2.ujaen.es\/wp-content\/uploads\/2016\/09\/IMG_1368.JPG\" alt=\"Macarena Espinilla Est\u00e9vez Premio Extraordinario de Doctorado\" \/><\/div><p class=\"lineaGris\"><span class=\"titulosInfo\">T\u00edtulo:<\/span> Macarena Espinilla Est\u00e9vez Premio Extraordinario de Doctorado<\/p><p><p>Premio Extraordinario de Doctorado en el campo de Ingenier\u00eda y Arquitectura en el curso 2008\/2009 con la tesis titulada &#8220;Nuevos modelos de evaluaci\u00f3n sensorial con informaci\u00f3n ling\u00fc\u00edstica&#8221;<\/p>\n<\/p><p><span class=\"titulosInfo\">A\u00f1o:<\/span> 2009<\/p>\n","protected":false},"author":2,"featured_media":460,"template":"","meta":{"_acf_changed":false,"_links_to":"","_links_to_target":""},"class_list":["post-459","premio","type-premio","status-publish","has-post-thumbnail","hentry"],"acf":[],"_links":{"self":[{"href":"https:\/\/sinbad2.ujaen.es\/index.php?rest_route=\/wp\/v2\/premio\/459","targetHints":{"allow":["GET"]}}],"collection":[{"href":"https:\/\/sinbad2.ujaen.es\/index.php?rest_route=\/wp\/v2\/premio"}],"about":[{"href":"https:\/\/sinbad2.ujaen.es\/index.php?rest_route=\/wp\/v2\/types\/premio"}],"author":[{"embeddable":true,"href":"https:\/\/sinbad2.ujaen.es\/index.php?rest_route=\/wp\/v2\/users\/2"}],"wp:featuredmedia":[{"embeddable":true,"href":"https:\/\/sinbad2.ujaen.es\/index.php?rest_route=\/wp\/v2\/media\/460"}],"wp:attachment":[{"href":"https:\/\/sinbad2.ujaen.es\/index.php?rest_route=%2Fwp%2Fv2%2Fmedia&parent=459"}],"curies":[{"name":"wp","href":"https:\/\/api.w.org\/{rel}","templated":true}]}}

Macarena Espinilla Estévez Premio Extraordinario de Doctorado

<p></p>



<div style="text-align:center; margin:20px 0;"><img decoding="async" class="tamImagenPremios" src="https://sinbad2.ujaen.es/wp-content/uploads/2016/09/IMG_1368.JPG" alt="Macarena Espinilla Estévez Premio Extraordinario de Doctorado" /></div><p class="lineaGris"><span class="titulosInfo">Título:</span> Macarena Espinilla Estévez Premio Extraordinario de Doctorado</p><p><p>Premio Extraordinario de Doctorado en el campo de Ingeniería y Arquitectura en el curso 2008/2009 con la tesis titulada &#8220;Nuevos modelos de evaluación sensorial con información lingüística&#8221;</p>
</p><p><span class="titulosInfo">Año:</span> 2009</p>
