{"id":481,"date":"2018-04-15T13:49:42","date_gmt":"2018-04-15T13:49:42","guid":{"rendered":"https:\/\/sinbad2.ujaen.es\/premio\/iii-premios-ada-lovelace-en-tecnologias-de-la-informacion-y-la-comunicacion\/"},"modified":"2025-10-10T14:21:47","modified_gmt":"2025-10-10T14:21:47","slug":"iii-premios-ada-lovelace-en-tecnologias-de-la-informacion-y-la-comunicacion","status":"publish","type":"premio","link":"https:\/\/sinbad2.ujaen.es\/?premio=iii-premios-ada-lovelace-en-tecnologias-de-la-informacion-y-la-comunicacion","title":{"rendered":"III Premios Ada Lovelace en Tecnolog\u00edas de la Informaci\u00f3n y la Comunicaci\u00f3n"},"content":{"rendered":"\n<p><\/p>\n\n\n\n<div style=\"text-align:center; margin:20px 0;\"><img decoding=\"async\" class=\"tamImagenPremios\" src=\"https:\/\/sinbad2.ujaen.es\/wp-content\/uploads\/2018\/04\/CERTIFICADO_0.png\" alt=\"III Premios Ada Lovelace en Tecnolog\u00edas de la Informaci\u00f3n y la Comunicaci\u00f3n\" \/><\/div><p class=\"lineaGris\"><span class=\"titulosInfo\">T\u00edtulo:<\/span> III Premios Ada Lovelace en Tecnolog\u00edas de la Informaci\u00f3n y la Comunicaci\u00f3n<\/p><p><p>Premio Ada Lovelace otorgado a \u00c1lvaro Labella en la modalidad mejor aplicaci\u00f3n por &#8220;AFRYCA: A Framework for the analysis of Consensus Approaches&#8221;, organizados por el Centro de Estudios Avanzados en Tecnolog\u00edas de la Informaci\u00f3n y la Comunicaci\u00f3n de la Universidad de Ja\u00e9n.<\/p>\n<\/p><p><span class=\"titulosInfo\">A\u00f1o:<\/span> 2017<\/p><p><span class=\"titulosInfo\">Archivo:<\/span> <a href=\"https:\/\/sinbad2.ujaen.es\/wp-content\/uploads\/2018\/04\/ADA-LOVELACE.pdf\" target=\"_blank\" rel=\"noopener noreferrer\">https:\/\/sinbad2.ujaen.es\/wp-content\/uploads\/2018\/04\/ADA-LOVELACE.pdf<\/a><\/p>\n","protected":false},"author":6,"featured_media":483,"template":"","meta":{"_acf_changed":false,"_links_to":"","_links_to_target":""},"class_list":["post-481","premio","type-premio","status-publish","has-post-thumbnail","hentry"],"acf":[],"_links":{"self":[{"href":"https:\/\/sinbad2.ujaen.es\/index.php?rest_route=\/wp\/v2\/premio\/481","targetHints":{"allow":["GET"]}}],"collection":[{"href":"https:\/\/sinbad2.ujaen.es\/index.php?rest_route=\/wp\/v2\/premio"}],"about":[{"href":"https:\/\/sinbad2.ujaen.es\/index.php?rest_route=\/wp\/v2\/types\/premio"}],"author":[{"embeddable":true,"href":"https:\/\/sinbad2.ujaen.es\/index.php?rest_route=\/wp\/v2\/users\/6"}],"wp:featuredmedia":[{"embeddable":true,"href":"https:\/\/sinbad2.ujaen.es\/index.php?rest_route=\/wp\/v2\/media\/483"}],"wp:attachment":[{"href":"https:\/\/sinbad2.ujaen.es\/index.php?rest_route=%2Fwp%2Fv2%2Fmedia&parent=481"}],"curies":[{"name":"wp","href":"https:\/\/api.w.org\/{rel}","templated":true}]}}

III Premios Ada Lovelace en Tecnologías de la Información y la Comunicación

<p></p>



<div style="text-align:center; margin:20px 0;"><img decoding="async" class="tamImagenPremios" src="https://sinbad2.ujaen.es/wp-content/uploads/2018/04/CERTIFICADO_0.png" alt="III Premios Ada Lovelace en Tecnologías de la Información y la Comunicación" /></div><p class="lineaGris"><span class="titulosInfo">Título:</span> III Premios Ada Lovelace en Tecnologías de la Información y la Comunicación</p><p><p>Premio Ada Lovelace otorgado a Álvaro Labella en la modalidad mejor aplicación por &#8220;AFRYCA: A Framework for the analysis of Consensus Approaches&#8221;, organizados por el Centro de Estudios Avanzados en Tecnologías de la Información y la Comunicación de la Universidad de Jaén.</p>
</p><p><span class="titulosInfo">Año:</span> 2017</p><p><span class="titulosInfo">Archivo:</span> <a href="https://sinbad2.ujaen.es/wp-content/uploads/2018/04/ADA-LOVELACE.pdf" target="_blank" rel="noopener noreferrer">https://sinbad2.ujaen.es/wp-content/uploads/2018/04/ADA-LOVELACE.pdf</a></p>
