{"id":740,"date":"2010-11-22T12:55:00","date_gmt":"2010-11-22T12:55:00","guid":{"rendered":"https:\/\/sinbad2.ujaen.es\/proyecto_i_d_i\/2578-valores-anadidos-en-los-procesos-de-comercializacion-del-aceite-de-oliva\/"},"modified":"2026-02-11T11:06:21","modified_gmt":"2026-02-11T11:06:21","slug":"2578-valores-anadidos-en-los-procesos-de-comercializacion-del-aceite-de-oliva","status":"publish","type":"proyecto_i_d_i","link":"https:\/\/sinbad2.ujaen.es\/?proyecto_i_d_i=2578-valores-anadidos-en-los-procesos-de-comercializacion-del-aceite-de-oliva","title":{"rendered":"Valores A\u00f1adidos en los Procesos de Comercializaci\u00f3n del Aceite de Oliva"},"content":{"rendered":"\n<h1 class=\"tituloProyectoPrincipal\">Valores A\u00f1adidos en los Procesos de Comercializaci\u00f3n del Aceite de Oliva<\/h1><p class='lineaGris'><span class='titulosInfo'>Referencia:<\/span> AGR-6581<\/p><p class='lineaGris'><span class='titulosInfo'>Fecha inicio:<\/span> 22\/11\/2010<\/p><p class='lineaGris'><span class='titulosInfo'>Fecha fin:<\/span> 22\/11\/2012<\/p><p class='lineaGris'><span class='titulosInfo'>Entidad:<\/span> Consejer\u00eda de Innovaci\u00f3n, Ciencia y Empresa. Junta de Andaluc\u00eda<\/p><p class='lineaGris'><span class='titulosInfo'>Financiaci\u00f3n recibida:<\/span> 85252.03<\/p><p class='lineaGris'><span class='titulosInfo'>Investigador principal:<\/span> Manuel J. Barranco Garcia<\/p>\n","protected":false},"author":2,"featured_media":0,"template":"","meta":{"_acf_changed":false,"_links_to":"","_links_to_target":""},"ambito_proyecto":[46],"class_list":["post-740","proyecto_i_d_i","type-proyecto_i_d_i","status-publish","hentry","ambito_proyecto-plan_nacional_id"],"acf":[],"_links":{"self":[{"href":"https:\/\/sinbad2.ujaen.es\/index.php?rest_route=\/wp\/v2\/proyecto_i_d_i\/740","targetHints":{"allow":["GET"]}}],"collection":[{"href":"https:\/\/sinbad2.ujaen.es\/index.php?rest_route=\/wp\/v2\/proyecto_i_d_i"}],"about":[{"href":"https:\/\/sinbad2.ujaen.es\/index.php?rest_route=\/wp\/v2\/types\/proyecto_i_d_i"}],"author":[{"embeddable":true,"href":"https:\/\/sinbad2.ujaen.es\/index.php?rest_route=\/wp\/v2\/users\/2"}],"wp:attachment":[{"href":"https:\/\/sinbad2.ujaen.es\/index.php?rest_route=%2Fwp%2Fv2%2Fmedia&parent=740"}],"wp:term":[{"taxonomy":"ambito_proyecto","embeddable":true,"href":"https:\/\/sinbad2.ujaen.es\/index.php?rest_route=%2Fwp%2Fv2%2Fambito_proyecto&post=740"}],"curies":[{"name":"wp","href":"https:\/\/api.w.org\/{rel}","templated":true}]}}

Valores Añadidos en los Procesos de Comercialización del Aceite de Oliva

<h1 class="tituloProyectoPrincipal">Valores Añadidos en los Procesos de Comercialización del Aceite de Oliva</h1><p class='lineaGris'><span class='titulosInfo'>Referencia:</span> AGR-6581</p><p class='lineaGris'><span class='titulosInfo'>Fecha inicio:</span> 22/11/2010</p><p class='lineaGris'><span class='titulosInfo'>Fecha fin:</span> 22/11/2012</p><p class='lineaGris'><span class='titulosInfo'>Entidad:</span> Consejería de Innovación, Ciencia y Empresa. Junta de Andalucía</p><p class='lineaGris'><span class='titulosInfo'>Financiación recibida:</span> 85252.03</p><p class='lineaGris'><span class='titulosInfo'>Investigador principal:</span> Manuel J. Barranco Garcia</p>
